{"id":67,"date":"2013-08-05T16:36:45","date_gmt":"2013-08-05T14:36:45","guid":{"rendered":"http:\/\/www.integralegeneeskunst.nl\/qitherapie\/?page_id=67"},"modified":"2014-02-23T11:03:58","modified_gmt":"2014-02-23T10:03:58","slug":"fase","status":"publish","type":"page","link":"https:\/\/www.paradijs.org\/integralegeneeskunst\/overzicht\/leerboeken\/qi-therapie\/het-handboek\/deel-1-informatie\/fase\/","title":{"rendered":"Deel 1.1 Fase"},"content":{"rendered":"<p>Er is een direct samenspel tussen alle organen van ons lichaam.<br \/>\nDat is logisch: ons hele lichaam en alle organen ontstaan vanuit de Zygote.<br \/>\nIn de geneeskunde begint de <i>geriatrie<\/i> dit langzaamaan te begrijpen.<br \/>\nIn ouderdom is het samenspel van de organen belangrijker dan de organen zelf.<\/p>\n<p>In de natuur wordt samenspel van systemen door\/via fasegolven &#8216;geregeld&#8217;.<br \/>\nFasegolven gaan per definitie sneller dan de snelheid van het licht.<br \/>\nFasegolven hebben namelijk niet met (lokale) \u2018deeltjes\u2019 te maken.<br \/>\nFasegolven hebben te maken met de integriteit van integrale systemen.<\/p>\n<p>Het onderstaande schema vat de grondgedachte samen.<br \/>\nHet is een incompleet beeld, maar helpt meer dan het begrip &#8216;deeltjes&#8217;.<br \/>\nHet is het beeld van de integrale samenhang tussen golven en velden.<br \/>\nDit concept is de basis van de theorie van relativiteit en quanta.<\/p>\n<p>Bekend is de gedachte van een golf; zie figuur 1a.<br \/>\nMinder bekend is het begrip van een golftrein, figuur 1b.<br \/>\nNog minder bekend is de golf-enveloppe: zie figuur 1c.<br \/>\nMaar waar het om gaat is het beeld van een Soliton: figuur 1d<\/p>\n<p>&nbsp;<\/p>\n<p>Zoals is te zien lijken een golf en een soliton op elkaar.<br \/>\nZe zijn echter elkaars tegengestelde.<br \/>\nDe Soliton is een integraal geheel; een golf is daar een deel van.<br \/>\nWe hebben hier te maken met (zeg) het uniVersum en (het tegengestelde), het &#8220;inVersum&#8221;.<\/p>\n<p>&nbsp;<\/p>\n<p>Dankzij het werk van <span style=\"text-decoration: underline\">Denis Gabor<\/span> is er een manier om die samenhang te beschrijven.<br \/>\nDie samenhangsvorm staat bekend als een hologram; een integraal golfveld.<br \/>\nDaarin wordt <i>de relatie tussen draaggolf en signaalgolf<\/i> integraal bekeken.<br \/>\nDit bouwt voor op de grondbegrippen over golven, zoals door Erwin Schr\u00f6dinger werd beschreven.<\/p>\n<p>&nbsp;<\/p>\n<p>Schr\u00f6dinge constateerde al dat alle materie, gevormd uit moleculen, uit atomen gevormd is.<br \/>\nAtomen zijn g\u00e9\u00e9n &#8216;deelthjes&#8217;, maar staande golven&#8217;: coherente golfvelden.<br \/>\nHet hele uniVersun is \u00e9\u00e9n integraal golfveld; wij zijn daar deel van.<br \/>\nOnze beleving van\/in\/met onze omgeving is dat van een golfveld in en golfveld.<\/p>\n<p>&nbsp;<\/p>\n<p>Dat is waarom dat beeld van een golf, golftrein, golfenvelop en soliton van belang is.<br \/>\nDat is wat in de hologramtheorie van Denis Gabor in detail wordt beschreven.<br \/>\nDat is wat Karl Pribram (neurochirurg, neuroloog, fysioloog, psychiater) heeft gevonden.<br \/>\nOns hele lichaam werkt als een hologram; ons lichaam is in feite een hologram.<\/p>\n<p>&nbsp;<\/p>\n<p>Alle (deterministische) materie wordt gevormd door (relativistische) moleculen.<br \/>\nAlle(relativistische) moleculen zijn gevormd door (probabilistische) atomen.<br \/>\nAlle (Probabilistische) Atomen zijn vormen van (creationistische) informatie.<br \/>\nWe hebben te maken met een hologramveld, wat zich omkeert in zichzelf.<\/p>\n<p>&nbsp;<\/p>\n<p>De eenvoudigste manier om dat te begrijpen en te beschrijjven is wiskundig.<br \/>\nWe zien dan dat ons lichaam is opgebouwd uit informatie in formatie.<br \/>\nMaterie, Moleculen, Atomen en Informatie, vormen integrale informatievelden.<br \/>\nDaarin vormen fotonenvelden interacties van EM velden, die chemische en fysieke vormen krijgen.<\/p>\n<p>&nbsp;<\/p>\n<p>Dat is exact wat we zien in ons lichaam: alle fasen van materie zijn verbonden.<br \/>\nInformatie =&gt; Regulatie =&gt; Fysiologie =&gt; Anatomie: plasma =&gt; gas =&gt; vloeibaar =&gt; Vast.<br \/>\nDit is door de Alchimisten al beschreven; en kan nu in detail worden begrepen.<br \/>\nFotonenvelden, elekromagnetische interacties, vrije-elektronenstromen, en elektronenroosters<\/p>\n<p>Het verbindend element is <b>Vrije Keuze<\/b>: de NupluntsDoorgang (de Kwintesens van de alchimisten)..<br \/>\nIn de relativiteitstheorie is dit de nulpuntsdoorgang van de relativistische <i>Licht Kegel<\/i>.<br \/>\nIn de hologrambeeldvorming is dit het omkeerpunt tuissen signaalgolf en draaggolf.<br \/>\nDat is nu samen te vatten als het doorgangspunt van een 4 dimensionale draaikolk.<\/p>\n<p>Dit wordt expliciet in de wiskunst van Peter Rowlands.<br \/>\nHet kleinste deel van het uniVersum, is haar inVersum.<br \/>\nWe zien daarin, weer, expliciet, dat het deel het geheel &#8216;is&#8217;.<br \/>\nDat is exact wat we beleven in ons lichaam.<\/p>\n<p>Dit wordt in de wiskunst van Diego Rapoport expliciet beschreven.<br \/>\nDaarin is de wiskunde voor materie dezelfde als voor het denken.<br \/>\nHetzelfde is te zien in de wiskunde van Richord Amoroso.<br \/>\nDaarin is de wiskunde voor het deel dezelfde als die voor het geheel.<\/p>\n<p>Het heeft g\u00e9\u00e9n zin om over ons lichaam te denken in termen van objecten.<br \/>\nAnatomie wordt gevormd door fysiologie: chemische kringloopprocessen.<br \/>\nDaarin is te zien dat die integriteit foor kringloopcoherentie (in het regelsysteem) bepaald wordt.<br \/>\nDIe samenhang van (regelsysteem) kringlopen speelt zich niet af in materie, maar als informatie.<\/p>\n<p>Dat is waar de meridiaantheorie mee heeft te maken.<br \/>\nHet gaat om de samenhang van <i>fasen<\/i> van materie.<br \/>\nDie kunnen we allen als fasestromen verklaren.<br \/>\nDaarin gaat het om de faserelaties tussen golf-fasen.<\/p>\n<p><b>&#8220;Fase&#8221; is het integrerende woord<\/b>.<br \/>\nHet omvat materie, stromen, transformaties en creatie.<br \/>\nHet verbindt materie processen met informatie en vrije keuze.<br \/>\nDat is exact wat we beleven en be-leven in ons lichaam.<\/p>\n<p>&#8211; &#8211; &#8211;<\/p>\n<p>Deze tekst is voor gereguleerde dokters moeilijk te begrijpen.<br \/>\nZe hebben het verkeerde beeld van ons lichaam, op basis van onjuiste informatie.<br \/>\nZe leren dat ons lichaam een materieel <i>object<\/i> is.<br \/>\nEn vergeten dat het gaat om be-leving van (uit) bewust(-)zijn.<\/p>\n<p>Ons lichaam is g\u00e9\u00e9n materi\u00e9el object.<br \/>\nOns <i>lijk<\/i> is gevormd door en vanuit levende cellen.<br \/>\nDie materie is meestal intact bij &#8216;het overlijden&#8217;.<br \/>\nWat dan ontbreekt is de beleving van Vrije Keuze.<\/p>\n<p>Vrije Keuze is de kern van het be-leven van bewustzijn.<br \/>\nHet gaat om onze betrokkenheid in\/met onze omgeving.<br \/>\nOns lichaam is daarin instrumenteel voor onze beleving.<br \/>\nOns bewustZijn is operationeel voor onze be-leving.<\/p>\n<p>Om deze tekst te begrijpen kunnen dokters bijleren.<br \/>\nDe acupuncturisten en homeopaten kunnen ze goed helpen.<br \/>\nAcupuncturisten kunnen ze informatiestromen leren begrijpen.<br \/>\nHomeopaten kunnen ze het belang van goede informatie leren.<\/p>\n","protected":false},"excerpt":{"rendered":"<p>Er is een direct samenspel tussen alle organen van ons lichaam. Dat is logisch: ons hele lichaam en alle organen ontstaan vanuit de Zygote. In de geneeskunde begint de geriatrie dit langzaamaan te begrijpen. In ouderdom is het samenspel van de organen belangrijker dan de organen zelf. In de natuur wordt samenspel van systemen door\/via [&hellip;]<\/p>\n","protected":false},"author":1,"featured_media":0,"parent":1225,"menu_order":1,"comment_status":"open","ping_status":"closed","template":"","meta":{"footnotes":""},"categories":[],"tags":[],"class_list":["post-67","page","type-page","status-publish","hentry"],"_links":{"self":[{"href":"https:\/\/www.paradijs.org\/integralegeneeskunst\/wp-json\/wp\/v2\/pages\/67","targetHints":{"allow":["GET"]}}],"collection":[{"href":"https:\/\/www.paradijs.org\/integralegeneeskunst\/wp-json\/wp\/v2\/pages"}],"about":[{"href":"https:\/\/www.paradijs.org\/integralegeneeskunst\/wp-json\/wp\/v2\/types\/page"}],"author":[{"embeddable":true,"href":"https:\/\/www.paradijs.org\/integralegeneeskunst\/wp-json\/wp\/v2\/users\/1"}],"replies":[{"embeddable":true,"href":"https:\/\/www.paradijs.org\/integralegeneeskunst\/wp-json\/wp\/v2\/comments?post=67"}],"version-history":[{"count":1,"href":"https:\/\/www.paradijs.org\/integralegeneeskunst\/wp-json\/wp\/v2\/pages\/67\/revisions"}],"predecessor-version":[{"id":1387,"href":"https:\/\/www.paradijs.org\/integralegeneeskunst\/wp-json\/wp\/v2\/pages\/67\/revisions\/1387"}],"up":[{"embeddable":true,"href":"https:\/\/www.paradijs.org\/integralegeneeskunst\/wp-json\/wp\/v2\/pages\/1225"}],"wp:attachment":[{"href":"https:\/\/www.paradijs.org\/integralegeneeskunst\/wp-json\/wp\/v2\/media?parent=67"}],"wp:term":[{"taxonomy":"category","embeddable":true,"href":"https:\/\/www.paradijs.org\/integralegeneeskunst\/wp-json\/wp\/v2\/categories?post=67"},{"taxonomy":"post_tag","embeddable":true,"href":"https:\/\/www.paradijs.org\/integralegeneeskunst\/wp-json\/wp\/v2\/tags?post=67"}],"curies":[{"name":"wp","href":"https:\/\/api.w.org\/{rel}","templated":true}]}}