{"id":9,"date":"2013-08-05T14:04:56","date_gmt":"2013-08-05T13:04:56","guid":{"rendered":"http:\/\/www.integralegeneeskunst.nl\/qitherapie\/?page_id=9"},"modified":"2014-02-23T11:03:57","modified_gmt":"2014-02-23T10:03:57","slug":"wat-biedt-deze-webzaait","status":"publish","type":"page","link":"https:\/\/www.paradijs.org\/integralegeneeskunst\/overzicht\/leerboeken\/qi-therapie\/wat-biedt-deze-webzaait\/","title":{"rendered":"QiT &#8211; WAT biedt deze webzaait?!"},"content":{"rendered":"<p><b>Deze webzaait legt uit <a title=\"WAT is Qi?!\" href=\"http:\/\/www.integralegeneeskunst.nl\/qitherapie\/wat-is-qi\/\">wat Qi is <\/a>en <a title=\"Werken met Qi\" href=\"http:\/\/www.integralegeneeskunst.nl\/qitherapie\/werken-met-qi\/\">hoe je ermee \u2018werkt\u2019<\/a><\/b>.<br \/>\nDit vraagt een andere manier van denken: <span style=\"text-decoration: underline\">in lichaamstaal<\/span>.<br \/>\nHet vraagt vooral om een andere manier van begrijpen van <i>leven<\/i>.<br \/>\n<span style=\"text-decoration: underline\">Het gaat over het begrijpen van het leven en bewustzijn <em>van cellen<\/em><\/span>.<\/p>\n<blockquote><p><span style=\"color: #333333\">Deze webzaait is opgezet door SIG, Stichting ter bevordering van de Integratie van Geneeswijzen.<\/span><br \/>\n<span style=\"color: #333333\"> SIG wordt gedragen door donaties; minimale kosten per jaar zijn 15.000 euro; donaties zijn nodig.<\/span><br \/>\n<span style=\"color: #333333\"> De informatie op deze webzaait is alleen voor soevereinen, en vrij te gebruiken door soevereinen.<\/span><br \/>\n<span style=\"color: #333333\"> SIG is initiatiefnemer van Project Portal Planting Paradise; waarvan deze webzaait deel is.<\/span><\/p><\/blockquote>\n<h2>1) Inleiding<\/h2>\n<p>Terwijl de samenwerkwebzaait wordt ontwikkeld is hier de bedoeling ervan alvast te vinden.<br \/>\nDeze webzaait is all\u00e9\u00e9n voor soevereinen; ben je g\u00e9\u00e9n soeverein, dan is dit niet voor jou.<br \/>\nDe informatie op deze webzaait is bedoeld om je te helpen leven als <em>schepper in schepping<\/em>; Doe Het Zelf (Doe Het Samen).<br \/>\n<strong>Deze webzaait is opgedeeld in 4 delen:<\/strong><\/p>\n<ol>\n<li>Deze <strong>inleiding<\/strong><\/li>\n<li><a title=\"WAT is Qi?!\" href=\"http:\/\/www.integralegeneeskunst.nl\/qitherapie\/wat-is-qi\/\"><strong>Wat is Qi?<\/strong> (theoretische en fundamenteel)<\/a><\/li>\n<li><a title=\"Werken met Qi\" href=\"http:\/\/www.integralegeneeskunst.nl\/qitherapie\/werken-met-qi\/\"><strong>Werken met Qi!<\/strong> (praktisch en bruikbaar)<\/a><\/li>\n<li><strong><a title=\"Het Handboek\" href=\"http:\/\/www.integralegeneeskunst.nl\/qitherapie\/het-handboek\/\">Het Handboek<\/a><\/strong><\/li>\n<\/ol>\n<h2>2) Wat is Qi? (cel regulatie informatie communicatie)<\/h2>\n<p>In de verdere uitwerking zijn er 4 onderdelen voor &#8220;<a title=\"WAT is Qi?!\" href=\"http:\/\/www.integralegeneeskunst.nl\/qitherapie\/wat-is-qi\/\"><strong>Wat is Qi?<\/strong><\/a>&#8220;:<br \/>\n<em>Deze informatie gaat verder dan in &#8216;het onderwijs&#8217; aan bod komt &#8230;<\/em><\/p>\n<ol>\n<li><strong>Lichaamstaal<\/strong> (bio-elektromagnetisme en radio-informatie velden)<\/li>\n<li><strong>Celprocessen<\/strong> (elektromagnetische en radio-informatie koppeling)<\/li>\n<li><strong>AtooMoleculen<\/strong> (singulariteitentransformatie en -transmutaties)<\/li>\n<li><strong>Bio-Informatica<\/strong> ((bio)transmutatie van de (cel)elementen)<\/li>\n<\/ol>\n<h2>3) Werken met Qi! (gevoelsbeleving)<\/h2>\n<p>Ook voor &#8220;<strong><a title=\"Werken met Qi\" href=\"http:\/\/www.integralegeneeskunst.nl\/qitherapie\/werken-met-qi\/\">Werken met Qi!<\/a><\/strong>&#8221; zijn er 4 onderdelen:<\/p>\n<ol>\n<li><strong><a href=\"http:\/\/qi.integralegeneeskunst.org\/html\/tekst_-_uitleg.php\">tekst &amp; uitleg<\/a><\/strong> (met het <a title=\"Het Handboek\" href=\"http:\/\/www.integralegeneeskunst.nl\/qitherapie\/het-handboek\/\">handboek<\/a>)<\/li>\n<li><strong><a title=\"Vraag &amp; Antwoord\" href=\"http:\/\/www.integralegeneeskunst.nl\/qitherapie\/werken-met-qi\/vraag-antwoord\/\">vraag &amp; antwoord<\/a><\/strong><\/li>\n<li><strong><a title=\"Qi \u2013 Eigen Inbreng\" href=\"http:\/\/www.integralegeneeskunst.nl\/qitherapie\/werken-met-qi\/qi-eigen-inbreng\/\">eigen Inbreng<\/a><\/strong> (\u201cDoe Het Zelf\u201d)<\/li>\n<li><strong><a title=\"Qi \u2013 Cursusaanbod\" href=\"http:\/\/www.integralegeneeskunst.nl\/qitherapie\/werken-met-qi\/qi-cursusaanbod\/\">cursusaanbod<\/a><\/strong> (\u201cLichaamsBe-leving\u201d)<\/li>\n<\/ol>\n<h2>4) Het Handboek (Doe Het Zelf, Doe Het Samen)<\/h2>\n<p><a title=\"Het Handboek\" href=\"http:\/\/www.integralegeneeskunst.nl\/qitherapie\/het-handboek\/\"><strong>Het Handboek<\/strong> is een (groeiende) verzameling van Essays.<\/a><br \/>\nDe bedoeling is om hiermee een zwaan-kleef-aan effect te katalyseren.<br \/>\nEr zijn heel veel mensen met uitgebreide kennis en ervaring van Qi.<br \/>\nVanwege medische-bias is die informatie niet altijd goed te vinden&#8230;<\/p>\n<p style=\"text-align: center\">\u00a0Deze webzaait is in ontwikkeling.<br \/>\nVeel informatie is hier al te vinden.<br \/>\nDaarmee kan je je eigen begrip al vormen.<br \/>\nDe rest wordt nog verder uitgewerkt; doe mee.<\/p>\n","protected":false},"excerpt":{"rendered":"<p>Deze webzaait legt uit wat Qi is en hoe je ermee \u2018werkt\u2019. Dit vraagt een andere manier van denken: in lichaamstaal. Het vraagt vooral om een andere manier van begrijpen van leven. Het gaat over het begrijpen van het leven en bewustzijn van cellen. Deze webzaait is opgezet door SIG, Stichting ter bevordering van de [&hellip;]<\/p>\n","protected":false},"author":1,"featured_media":0,"parent":1200,"menu_order":1,"comment_status":"open","ping_status":"closed","template":"","meta":{"footnotes":""},"categories":[],"tags":[],"class_list":["post-9","page","type-page","status-publish","hentry"],"_links":{"self":[{"href":"https:\/\/www.paradijs.org\/integralegeneeskunst\/wp-json\/wp\/v2\/pages\/9","targetHints":{"allow":["GET"]}}],"collection":[{"href":"https:\/\/www.paradijs.org\/integralegeneeskunst\/wp-json\/wp\/v2\/pages"}],"about":[{"href":"https:\/\/www.paradijs.org\/integralegeneeskunst\/wp-json\/wp\/v2\/types\/page"}],"author":[{"embeddable":true,"href":"https:\/\/www.paradijs.org\/integralegeneeskunst\/wp-json\/wp\/v2\/users\/1"}],"replies":[{"embeddable":true,"href":"https:\/\/www.paradijs.org\/integralegeneeskunst\/wp-json\/wp\/v2\/comments?post=9"}],"version-history":[{"count":1,"href":"https:\/\/www.paradijs.org\/integralegeneeskunst\/wp-json\/wp\/v2\/pages\/9\/revisions"}],"predecessor-version":[{"id":1227,"href":"https:\/\/www.paradijs.org\/integralegeneeskunst\/wp-json\/wp\/v2\/pages\/9\/revisions\/1227"}],"up":[{"embeddable":true,"href":"https:\/\/www.paradijs.org\/integralegeneeskunst\/wp-json\/wp\/v2\/pages\/1200"}],"wp:attachment":[{"href":"https:\/\/www.paradijs.org\/integralegeneeskunst\/wp-json\/wp\/v2\/media?parent=9"}],"wp:term":[{"taxonomy":"category","embeddable":true,"href":"https:\/\/www.paradijs.org\/integralegeneeskunst\/wp-json\/wp\/v2\/categories?post=9"},{"taxonomy":"post_tag","embeddable":true,"href":"https:\/\/www.paradijs.org\/integralegeneeskunst\/wp-json\/wp\/v2\/tags?post=9"}],"curies":[{"name":"wp","href":"https:\/\/api.w.org\/{rel}","templated":true}]}}