{"id":905,"date":"2012-03-07T11:56:46","date_gmt":"2012-03-07T10:56:46","guid":{"rendered":"http:\/\/www.integralegeneeskunst.nl\/mondgezond\/tandherstelgroei-theorie-3\/"},"modified":"2014-02-23T11:04:01","modified_gmt":"2014-02-23T10:04:01","slug":"tandherstelgroei-theorie-3","status":"publish","type":"page","link":"https:\/\/www.paradijs.org\/integralegeneeskunst\/projecten\/de-integere-integrale-praktijk\/praktijk-mond-gezond\/doe-het-zelf-3\/integrale-praktijk-3\/tandherstelgroei-3\/tandherstelgroei-theorie-3\/","title":{"rendered":"Tandherstelgroei: Theorie"},"content":{"rendered":"\n<p>Het volgende kan alleen als <i>Essay<\/i> worden beschreven.Het gaat om een <i>oefening<\/i> in het \u2018hardop denken\u2019.Het gaat over de <i>mogelijkheid<\/i> om tanden te hergroeien.Het gaat over het <i>genezen<\/i> van tanden en het gebit.<\/p>\n<ul>\n<p>Het fenomeen zelf wordt maar heel zelden beschreven.Voor tandartsen is het oninteressant; \u201cer valt niet aan te verdienen\u201d.Voor de pati\u00ebnten is het des te interessanter; d\u00e1\u00e1r ligt de verdienste.Maar we moeten ons eerst een voorstelling maken, waarover het gaat.<\/p>\n<ul>\n<p>We weten allemaal dat haren en nagels groeien; we kunnen ze zelfs knippen.We weten ook dat vlees en huidwonden (met\/zonder litteken) kunnen genezen.We weten dat botten kunnen breken, en vaak weer goed kunnen genezen.Wat maakt het genezen van kaken, kiezen en tanden anders?<\/p>\n<ul>\n<p>Vanuit de antroposofie is ons gebit met ledematen vergelijkbaar.<b>De kaken zijn \u2018de armen en benen\u2019; de tanden en kiezen zijn \u2018de nagels\u2019<\/b>.Maar waarom zien we geen herstelgroei van tanden en kiezen?We zien dat bij haren en nagels uitsluitend als die zijn ontworteld.<\/p>\n<\/ul>\n<\/ul>\n<\/ul>\n<h3>Groei en herstelgroei<\/h3>\n<p>Kennelijk hebben we in het lichaam te maken met verschillende groeiprocessen.Die hebben we echter niet alleen in de <i>Ruimte<\/i>, maar ook in de <i>Tijd<\/i>, en <i>Omgeving<\/i>.Herstel van tanden, botten, kapsels en weefsels zijn daarin onderling vergelijkbaar.Maar ook in hun aanleg, in de Zygote, in de embryologie, in de foetus en in het lichaam.<\/p>\n<p>Het is duidelijk dat al onze cellen uit onze eerste cel, <b>de Zygote<\/b>, ontstaan zijn.Het is net zo duidelijk dat celdeling eerst leidt tot groei met differentiatie: <i>verschillen<\/i>.Later zien we echter dat het accent vervolgens verschuift naar replicatie: <i>overeenkomsten<\/i>.In feite zien we daarin de <b>relatie tussen lichaamsopbouw, en lichaamsherstelbouw<\/b>.<\/p>\n<p>Wat maakt tandherstelgroei anders dan bot-\/kapsel-\/weefsel-herstelgroei?Het gaat om verschillen in tijd en ruimte; van de materialisatiegraad van ons lichaam.Het gaat ook over functie verschillen, die <i>juist<\/i> als materieverschillen te zien zijn.Maar het gaat altijd om informatieverwerking in\/voor\/door het lichaam; en haar eigen aanmaak van haar eigen lichaamsmaterialen.<\/p>\n<p>Alle lichaamsmaterialen worden aangelegd voor een bepaald doel, voor een bepaald proces, voor een bepaalde tijd.Elk van die processen heeft haar eigen fase; als informatie, in energie, in tijd en in ruimte.<b>Bewustzijn, Energie, Tijd en Ruimte zijn daarin allemaal verbonden.<\/b>Alle lichaamstransformaties, alle lichaamsprocessen, en alle lichaamsvormen, zijn vormen van be(-)leving.<\/p>\n<h3>Vitale Lichaamssamenhang<\/h3>\n<p>In het vervolg van deze tekst worden diverse gedachten samengevat.Het begint <i>geruchten:<\/i> verhalen over een Tandgoeroe, en tandgenezing.Vervolgens komt aan bod het verhaal van Robert Becker over <i>bot<\/i>herstelgroei.Dat leidt ons tot de behoefte aan meer inzicht in het <i>elektrische<\/i> regelsysteem.<\/p>\n<p>Bot-herstelgroei heeft namelijk alleszins met bio-elektrische stromen te maken.Dat is goed bestudeerd, maar wordt in de (tand)artsopleiding niet gedoceerd.Het is daarom zaak te kijken naar sidder-alen en herstelgroei bij salamanders.Dan blijkt dat we <i>grote<\/i> betekenis moeten geven aan de Chinese Meridiaanleer.<\/p>\n<ul>\n<p>We krijgen te maken met de <i>elektromagnetische<\/i> aspecten van alle <b>organen<\/b>.We krijgen te maken met <i>elektromagnetische<\/i> <b>celdynamiek<\/b> en \u2013celfunctie.We moeten zelfs kijken naar de <i>bio-elektrische<\/i> eigenschappen van <b>moleculen en atomen<\/b>.We komen uit op de noodzaak om te denken over denken in termen van <i>bio-elektrische<\/i> <b>signalen<\/b>.<\/p>\n<ul>\n<p>Ontlenend aan <a href=\"\/\/normaalpara.integralegeneeskunst.org\/html\/wat_is_nieuw__.php')\">eerder werk<\/a> kunnen ze het hebben over de ziel en de geest.De Ziel heeft te maken met de beslisboom van alle celdelingen in ons lichaam.De Geest geeft te maken met patronen van samenhang, \u201clichaamszelfbeeld\u201d.Het gaat over aspecten van ons (elektromagnetische) lichaams<i>cel<\/i>zelf<i>bewustzijn<\/i>.<\/p>\n<ul>\n<p>Kortom: we moeten <b>ons lichaam<\/b> leren begrijpen als <b>een informatieveld in formatie<\/b>.Elders (<a href=\"http:\/\/www.scienceoflife.nl\">www.scienceoflife.nl<\/a>) is beschreven hoe we dat met <a href=\"\/\/www.scienceoflife.nl\/html\/mathemusics.html')\">muziek<\/a> kunnen vergelijken.Hier is daarvan relevant dat elke lichaamsvorm een klank-\/stroomvorm is.Dat geldt ook voor de extrusie\/vorming \/aanleg\/vormen van kaken, tanden en kiezen.<\/p>\n<\/ul>\n<\/ul>\n<\/ul>\n<h3>Reverse Engineering<\/h3>\n<p>Wat we zoeken is, in principe, het <b>omkeren van het proces van tandrot<\/b>.Daarbij moeten we kijken naar tandaanleg en tandvorming: de embryologie.Vanuit de embryologie zien we dat alle organen daar integraal in\/bij zijn betrokken.Dat geeft ons basisbegrip voor de bepalende tol van de orgaanmeridianen.<\/p>\n<p>Meridianen zijn een aspect van onze bio-elektrische systeemregulatie.Het gaat over de infomatiestromen (de stuursignalen) van het regulatiesysteem.Deze zijn te vergelijken met de software, die de opbouw van ons lichaam bepaald.Deze systeemprogramma\u2019s,\u00a0 zijn verschillend gecodeerd, afhankelijk van het niveau van functie\/bewustzijn.<\/p>\n<ul>\n<ul>\n<p>In ons lichaam hebben we te maken met een balans tussen\u00a0 lichaam en omgeving.Het gaat echter ook om een balans tussen zelfbeleving en sociale beleving,In onze kul\u2019tuur is die balans in veel opzichten nog niet goed gevonden.Het gevolg is dat meningen van anderen je zelfbeschikking kunnen aantasten of verstoren.<\/p>\n<\/ul>\n<p>Het wordt gaandeweg steeds duidelijker dat gebitsrot NIET een fysiek proces is.Tandrot komt NIET door slecht poetsen, maar door slecht voedsel (slecht eten).Dat gaat ten dele over ongezonde etenswaar; industrievoedsel is ziekmakend.Het gaat vooral over verkeerde adviezen hierover door de (tand)artsen beroepsgroep.<\/p>\n<ul>\n<p>Die verkeerde\/valse voorlichting is symptoom van een onderliggende ziekte.De <i>geneeskunde is ziek en ziekteverwekkend, omdat aan ziekte wordt verdiend<\/i>.\u201d<i>Zolang aan ziekte verdient wordt, houdt dat (onbewust) ziekte in stand<\/i>\u201d.Laat het een waarschuwing zijn: vertrouw niet op de gangbare medische adviezen.<\/p>\n<\/ul>\n<\/ul>\n<p>\u00a0<\/p>\n<p><b>Ons lichaam<\/b> is g\u00e9\u00e9n fysiek object; het <b>is een levend informatie\/leer proces<\/b>.Alle lichaamsmaterialen worden aangemakt\/uitgescheiden\/aangelegd door levende cellen.Alle lichaamsmaterialen reageren daarin op informatie; op veel manieren.De lichaamsmaterialen ondergaan daarin alle faseveranderingen; \u201cTransmutatie\u201d.<\/p>\n<h3>Celomgeving bepaalt celgroei<\/h3>\n<p>Dat is ook het basisprincipe van de aanleg van de tanden en kiezen.Net als bij botherstel, zijn <i>elektrische<\/i> krachten daarin bepalend.Belangrijker echter zijn de (\u201c<i>Shen<\/i>\u201d) elektromagnetische informatie signalen.Net als in de rest van ons lichaam, gaat het hier om informatie <i>hologrammen<\/i>.<\/p>\n<p>In ons lichaam (en leven) zijn informatie en materie altijd verweven.Elk besluit wat we nemen be\u00efnvloed ons bewust( )zijn: ons lichaam en onze omgeving.<i>Onze organen verteren voedsel en informatie of dezelfde\/eenzelfde manier<\/i>.Onze tanden en kiezen spelen daarin een belangrijke rol; soms gaat dat mis.<\/p>\n<p>Zodra het mis gaat, wordt het integrale informatieveld verstoord.De stoorvelden die daarin ontstaan zijn elektromagnetisch van aard.In een verstoord elektromagnetisch veld groeien cellen (en planten) anders.Maar daardoor groeien daar dan ook andere cellen \u2013 en andere microben.<\/p>\n<p><b>Microbengroei in ons lichaam is een gevolg van elektromagnetische veldverandering<\/b>.<i>Dat geldt exact zo voor de microbengroei in onze mond rondom kiezen en tanden<\/i>.Gezond gebit heeft zo niet alleen te maken met gezonde <i>voeding<\/i>, maar ook met gezonde <i>attitude<\/i>.Het gaat zelfs om de gezondheid van de integrale omgeving; van samenleving en Aarde.<\/p>\n<p><b>Tandzorg en gebitszorg is dus, per definitie, holistisch<\/b>.Het gaat over hologrammen van celinformatie die het hele lichaam vormen.Het gaat over de integrale elektromagnetische velddynamiek en\/om microben en cellen.En het gaat om het geheel van het bio-elektrische lichaamsveld, als vorm(ing) van informatie.<\/p>\n<h3>Reverse Engineering &#8230; van tandrot<\/h3>\n<p>Reverse Engineering is het <i>omkeren van het productieproces<\/i>.Vanuit het resultaat (het <i>product<\/i>) wordt teruggewerkt naar de productie (het <i>proces<\/i>).In dit geval kunnen we van tandrot leren door het om te keren; door het te begrijpen.Wat moet er in het lichaam verstoord zijn, \u201com succesvol tanden te kunnen laten verrotten?\u201d.<\/p>\n<p>Het blijkt dat daar h\u00e9\u00e9l veel voor nodig is; tandrot gaat niet vanzelf.Stress\/vemoeidheid\/onvrede\/ontkoppeling is de belangrijkste factor.Daardoor ontregelen zich (ten dele) de lichaams(regulatie)processen.\u2019Daardoor\u2019 kunnen microben gedijen waar ze anders niet zouden kunnen leven.<\/p>\n<p>Het gaat hier echter niet om de \u201cReverse Engineering\u201d van machines of machine onderdelen.Het gaat hier om het leren van levende organismen, die integraal deel zijn van hun omgeving.Daarin zijn materie, moleculen, atomen en informatie \u00e9\u00e9n; Vast, vloeibaar, gas en plasma uitwisselbaar.In tegenstelling tot mechanische reverse-engineering, gat het hier om het onderliggende informatieproces.<\/p>\n<p>Tandrot, als anatomischa \u2018aantasting\u2019, is gevolg van vertoring van fysiologische processen.Tandrot is echter ook typerend voor verstoring van het (elektromagnetische) regulatiesysteem.De vraag wordt daarmee helder: wat onderscheid een groeiproces van een verottingsproces?Waardoor valt een lichaamsproces \u2018terug\u2019 op een versterfproces?; in hoeverre \u2018is er al dood\u201d?.<\/p>\n<h3>Lichaams-bio-ecoLogica<\/h3>\n<p>Ons lichaam is opgebouwd vanuit cellen, die samen een levende bewuste kolonie vormen.In de lichaamsopbouw komen celvormen, plantvormen, diervormen in ons mens-zijn samen.De fysioLogische (organische) is ook een fylologische opbouw (van opeenvolgende levensvormen).In geval van verstoring van integratie in\/met\/van de omgeving, valt het organisme daarop terug.<\/p>\n<p>In ons lichaam is dit te zien bij systeemuitputting en ziekte: de (ON)Gezondheids Cascade.Het gaat om de relatie van 1) Gezond naar 2) Aanpassing naar 3) Compensatie tot 4) Decompensatie.Het is de stapsgewijze \u2018uitschakeling\u2019 van 1) Leven naar 2) Onwel naar 3) Ziek naar 4) Dood.In het lichaam is het niet alleen een terugval van de cellen, maar ook van hun omgeving van <i>symbionten<\/i>.<\/p>\n<p>We zien hetzelfde in de natuur: bij een klimaatverandering en het effect daarvan op het landschap.In de traditionele is dat heel goed bekend; het is de basis voor hun visie op (zelf)genezing.Omdat het gaat over de samenhang van <i>een kolonie van intelligente levende cellen<\/i>.Wanneer de samenhangs<i>informatie<\/i> verloren gaat, dan vallen de cellen uiteen.<\/p>\n<p>De basisprocedure voor (cel-\/zelf-)herstel is het herstellen van de integratie in de omgeving.Het regulatiesysteem is de spil van herstel van de integriteit van de systeemgrens.De procesfysiologie, over de systeemgrens, moet daarbij ook in balans zijn, in haar omgeving.Het resultaat, voor elk lichaamsonderdeel (inclusief tanden en kiezen) &#8230; is hun gezondheid.<\/p>\n<ol>\n<li><b>\u201cHerprogrammeren van de celinformatie\u201d<\/b> is standaard paranormale praktijk; niet van artsen.<\/li>\n<li><b>\u201cHerorienteren van Ziel en Shen\u201d<\/b> is de basis van de acupunctuur en homeopathie, niet van artsen.<\/li>\n<li><b>\u201cOntstoren van de vitale processen\u201d<\/b> is normale aanpak in de natuurgeneeskunst; niet van artsen.<\/li>\n<li><b>\u201cCorrectie van lichaamstructuren\u201d<\/b> is de gangbare medische aanpak; maar die komt altijd te laat.<\/li>\n<\/ol>\n<h3>Degeneratie<\/h3>\n<p>De tegenhanger van regeneratie is degeneratie &#8211; structureel <b>systeemverval<\/b> &#8211; oftewel systeemversterf.Veroudering is een gefaseerde overgang in\/van\/naar dat proces van systemische degeneratie.Alweer: het zijn de (Verre) Oosterse geneeswijzen die het beste bekend zijn met dit proces.Zij zien hoe veroudering te maken heeft met een dieper niveau van systeemsamenhang; ONDER organsamenhang.<\/p>\n<p>In <b>veroudering<\/b> is het bepalende probleem dat de Shen (systeeminformatie) van alle organen taant.Het is een terugval per orgaan, maar ook een terugval van\/voor\/in alle organen (systeemverzwakking).Dat kan alleen goed worden begrepen door de (\u201cM\u00f6bius\u201d) samenhang van alle organen te kennen.Het is een systematische omkering, waarin binnen en buiten (van het systeem) zijn verbonden.<\/p>\n<p>Vanuit de wiskunde is te zien hoe alle celdelingen, vanaf de Zygote, onderling zijn verbonden.Vanuit het delingsproces (de Ziel) ontstaan samenhangspatronen (de Shen) die lichaamssamenhang bepalen.Celvitaliteit is gebaseerd op vitale celvoeding &#8211; die voedt ook hun onderlinge communicatie\/samenhang.Celvoeding, en <b>variabele organische samenhang<\/b>, is onderdeel van de natuurlijke (interne) voedselkringloop.<\/p>\n<p><b>Degeneratie<\/b> is een terugval op eerdere vitale lichaams-\/systeem-processen.Dit omvat processen met tijdschalen over generaties, maar ook over eonen.Er is een integrerende factor tussen elke fylologische ontwikkelingsgeneratie, en haar symbionten.Dat is dat de koppeling, de relatie, tussen hen bepaald is door elektromagnetische informatie\/signalen.<\/p>\n<h3>Pathologie &#8211; Causaliteit<\/h3>\n<p>De Samenhang van ons lichaam, en elk deel ervan, heeft een logische biologische basis.De integriteit is bepaald vanuit elektromagnetische samenhang van informatievelden.De samenhang is bepaald vanuit atomaire moleculaire elektrochemische krachten &#8211; bio-chemie.Veranderingen van fysieke samenhang worden daar vanuit de fundamenten door bepaald.<\/p>\n<p>\u201cCausaliteit\u201d zegt at er altijd \u2018een reden\u2019 is voor alles wat gebeurt.\u201cWat is de reden voor het ontstaan van tandbederf?\u201d.Tandartsen zeggen dat het komt door \u2018slecht stoken\/flossen\/poetsen\/spoelen\u2019.Dat is niet waar, dus onwaar, zoals tandarts Westen Price een eeuw geleden al liet zien.<\/p>\n<p>Het blijkt dat <b>voedsel bepaalt of je tanden wel of niet gezond zijn<\/b>.Hele volksstammen krijgen g\u00e9\u00e9n landrot, doordat ze gezond eten.Ons kultuurdieet is erg ongezond; en (tand)artsen doen daar niets aanSterker nog, die leren niet, op \u2018school\u2019, dat \u2018ons\u2019 voedsel ongezond is.<\/p>\n<p>In dit geval wil ik echter de meer diepgaande vraag stellen.<b>\u201cWaardoor komt het dat een <i>gezonde<\/i> tand ziek wordt?<\/b>\u201d.Ik zoek naar de tegenhanger van het ontstaan van plantziekten.\u201cAls de ondergrond ongezond is, is er geen weerstand tegen ziekte\u201d.<\/p>\n<h3>Verklaringsmodel =\/= verklaring<\/h3>\n<p>Het idee dat tanden ziek worden door slecht poetsen is ONZIN.Weston Price deed uitgebreid onderzoek en toonde aan dat cari\u00ebs komt door voeding.Net als in het landschap, bepaalt <i>de voedingsbasis<\/i> de microbengroei.Net als in ons lichaam, gaat het om \u2026 het elektromagnetisch klimaat.<\/p>\n<ul>\n<p><b>Tandziekte ontstaat dus niet door slecht voedsel of microben.Microben zijn <i>het gevolg <\/i>van \u2018verkeerd\u2019 voedsel.Verkeerd voedsel is het gevolg van verkeerd advies.\u2018Verkeerd advies komt van verkeerde (tand)artsen\u2019.<\/b><\/p>\n<\/ul>\n<p>(Tand)artsen krijgen onvoldoende onderricht over (gezonde) voeding.Onderzoek naar het effect van gezonde voeding wordt door <i>de beroepsgroep<\/i> ontkend.Het is een historisch feit: Weston Price\u2019s (tandarts) publicatie werd door de ADA geweigerd&#8217;.Collin Campbell&#8217;s publicatie over gezonde (vegetarische) voeding, kostte hem zijn subsidies.<\/p>\n<p>Het is belangrijk om te beseffen dat het geaccepteerde medische verklaringsmoment <i>niet<\/i> neutraal is.Medische belangen worden in grote mate door (\u2018verdienen aan ziekte\u2019) handelsbelangen bepaald.Daardoor worden mensen, ook (tand)artsen, systematisch en opzettelijk verkeerd voorgelicht.Dat verklaart waarom verklaringsmodellen niet onze gezondheid(sproblemen) kunnen verklaren.<\/p>\n<h3>Verklaringshypothese<\/h3>\n<p>Het is zaak om verder te denken dan de gangbare verklaringsmodellen die worden gebruikt.Omdat het gangbare model geen verklaring kan bieden, kunnen we zoeken naar een hypothese.In die hypothese moeten alle bovenstaande aspecten samenkomen, inn een integrale visie.Met samenhang tussen elektromagnetische signaalvelden, en de (terugval) in fysiologie\/fylogenese.<\/p>\n<p>Zulke samenhang is al heel lang bekend, en op veel manieren beschreven.Deze beschrijvingen zijn vooral vanuit de paranormale- en rand-wetenschappen te vinden.Deze onderzoeken zijn even goed\/wetenschappelijk, als ander gevestigd wetenschappelijk onderzoek.Wetenschap is namelijk bedoeld om het onbekende te leren kennen; ven elke soort en vorm.<\/p>\n<p>Eerder is aangegeven, het gaat om systeemsamenhang, en informatiesamenhangen (signalen).In het gebit is er een directe relatie met het elektromagnetische (meridiaan) informatiesysteem.Ingeval van (systeem)pathologie is er een systemische\/systematische terugval: degeneratie.Net als in de kosmologie, is dat in termen van \u2018blauw-\u2019\/\u2018roodverschuivingen\u2019 te beschrijven\/begrijpen.<\/p>\n<p>Helderziende Roslyn DeBruyere was betrokken in het onderzoek van Valerie Hunt. naar elektrofysiologie.Daarbij bleek dat ze microben als \u2018rood\u2019 en virus als \u2018blauw\u2019 waarnam in relatie tot de lichaamsomgeving.Haar waarnemingen bleken overeen te stemmen met de elektrofysiologische metingen van Valerie Hunt.Het zijn dit soort waarnemingen die helpen om gezondheid(sverval en herstel) te kunnen begrijpen.<\/p>\n<h3>Hypothetische verklaring<\/h3>\n<p>Helderziende <i>Roslyn DeBruyere<\/i> beschreef de elektromagnetische frequenties tussen microben en virus, die ze waarnam.<i>Royal Raymond Rife<\/i> had die frequentieverschillen brekend en elimineerde mico-organismen (ui kankers) mvia radiofrequenties.Het gedijen van micro-organismen\u00a0 in het lichaam is teken dat het elektromagnetisch milieu verstoord is.In de neuraaltherapie staat een dergelijkgbied bekend als een &#8220;stoorveld&#8221;..<\/p>\n<p>\u00a0<\/p>\n<p>\u00a0<\/p>\n<p>\u00a0<\/p>\n<h3>Gangbare behandelingen<\/h3>\n<p>Neuraaltherapie gebruik proca\u00efne of lidoca\u00efne om gebieden met een elektrisch effect) om z&#8217;n gebied te &#8216; onttoren&#8217;.Kankertherapie gebruikt soda, zuurstof, en chelatie om de zuur-base balans te verstellen.Allerlei geneeswijzen reguleren het bio-elektromagnetisch veld op vaak onbegrepen wijzen.\u2018Verklaringen\u2019 worden vaak gezocht in biochemische reacties, daar waar\u00a0 basis in feite bio-elektrisch is.<\/p>\n<p>Belangrijker dan het repareren van tanden en kiezen (cosmetische symptoombestrijding) is het begin van de verstoring waardoor gebitsaantasting ontstaat.<\/p>\n<p>\u00a0<\/p>\n<p>De Oosterse geneeswijzen hebben dat al heel lang begrepen, ook al gebuikte ze niet het begrip van bio-elektriciteit om het te \u2018verklaren\u2019.Dat is waarom de kennis van de acupunctuur van belang is voor het eigen van tandherstel.Acupunctuur en homeopathie maken gericht gebruik van elektromagnetische frequenties.Dat onderzoek is al heel lang beschikbaar (ook al wordt het door (tand)artsen soms\/vaak\/nog ontkend).<\/p>\n<p>Door te begrijpen dat microben gedijen in een elektromagnetisch verstoorde omgeving, is op dat niveau ook de oplossing te zoeken.Er is echter m\u00e9\u00e9r nodig dan begrip voor \u2018elektromagnetische veldverstoring\u2019 en \u2018tandrot\u2019.Het is nodig om de <i>elektrische <\/i>basis van tandgroei te begrijpen,De basis daarvoor is te vinden in <a href=\"http:\/\/www.integralegeneeskunst.nl\/mondgezond\/de-levensles-van-de-salamander-3\/\">het onderzoek van Robert Becker: over botherstel<\/a>.<\/p>\n<ul>\n<p>De beschrijving van Robert Becker is in detail uitgewerkt voor <a href=\"http:\/\/www.integralegeneeskunst.nl\/mondgezond\/de-levensles-van-de-salamander-3\/\">herstelgroei na botbreuk<\/a>.Bepalend is de elektrische potentiaal van het pi\u00ebzo-elektrisch effect.Bot fungeert daarin, qua structuur en bio-oganisatie, as transistor.Net als in de embryologie, gaat het niet alleen over elektromagnetische <i>krachten<\/i>, maar om &#8211;<i>informatie<\/i>.<\/p>\n<p>Bj\u00f6rn Nordenstr\u00f6m heeft de basistheorie daarvoor in detail beschreven.Zijn onderzoek brengt met zijn ontdekken van elektromagnetische potentiaalvelden rondom kanker.Het bracht hem tot de beschrijving van het bio-elektriche circulatiesysteem in ons lichaam.Centraal daarin staat het samenspel tussen \u201cErgonars\u201d (kracht) en \u201cInfornars\u201d (informatie).<\/p>\n<\/ul>\n<h3>Basisprincipes<\/h3>\n<p>Op het internet is veel informatie te vinden over tand(bot)herstelgroei door elektromagnetische frequenties.Die informatie is echter onvoldoende: ons lichaam werkt <i>niet<\/i> met frequenties maar met informatie.Het onderstaande schema vat daarvan de kernprincipes samen.Het blijkt dat lichaamsinformatie altijd uitgaat van 4D Hologrammen.<\/p>\n<p>SCHEMA<\/p>\n<ol>\n<li>sensor<\/li>\n<li>neuron<\/li>\n<li>plexus<\/li>\n<li>brein<\/li>\n<\/ol>\n<p>De integriteit van de samenhang van cellen\u00a0 in organen in ons lichaam in onze omgeving is hierop gebaseerd.Het gaat altijd om een hologrambeeld,in interactie met een hologrambeeld.Die visie staat centraal in Schr\u00f6dingers beschrijving voor een kwantum veld.De samenhang van ons lichaam is een hologramveld, met verschillende gradaties van materialisaties.<\/p>\n<p>Daarin zijn een lichtveld, elektromagnetisch veld, chemisch proces\/veld en fysieke vorm\/veld integraal verbonden.Fotonenspong &lt;=&gt; elektronenspong &lt;=&gt; vrije elektronen &lt;=&gt;gebonden elektronen.Dus: informatie &lt;=&gt; elektromagnetisme &lt;=&gt; scheikunde &lt;=&gt; Natuurkunde.<\/p>\n<p>Dat staat van oudsher bekend als de alchemie.In ons lichaam is te zien hoe Alchemische Transmutatie een feit is.Materialen zijn ge\u00efoniseerd,opgelost, in circulatie of ongeslagen,naar behoefte.Alle lichaamsmaterialen worden aangemaakt dor levende cellen; en ze reageren altijd op informatie.<\/p>\n<p>De Westerse geneeskunde richt zich vooral op de vormen die zich daardoor vormen.Natuurgeneeskunde speelt in op de vormen en processen.Acupunctuur gaat in interactie et e procesregulatie.Spirituele geneeskunst gaat uit van de vormende\u00a0 rol van informatie.<\/p>\n<p>De combinatie van die vier visies heet de Integrale Geneeskunst.Die combineert de geneeswijzen van het Verre Westen,het Verre Oost, het Oosten en het WestenHet is ook de integratie van klassieke, realistische, probabilistische en integrale veldtheorie van de wetenschap.Het is de integratie voor genezen van Body, Mind, Soul &amp; Spirit.<\/p>\n<p>\u00a0<\/p>\n","protected":false},"excerpt":{"rendered":"<p>Het volgende kan alleen als Essay worden beschreven.Het gaat om een oefening in het \u2018hardop denken\u2019.Het gaat over de mogelijkheid om tanden te hergroeien.Het gaat over het genezen van tanden en het gebit. Het fenomeen zelf wordt maar heel zelden beschreven.Voor tandartsen is het oninteressant; \u201cer valt niet aan te verdienen\u201d.Voor de pati\u00ebnten is het [&hellip;]<\/p>\n","protected":false},"author":1,"featured_media":0,"parent":904,"menu_order":2,"comment_status":"closed","ping_status":"closed","template":"","meta":{"footnotes":""},"categories":[],"tags":[],"class_list":["post-905","page","type-page","status-publish","hentry"],"_links":{"self":[{"href":"https:\/\/www.paradijs.org\/integralegeneeskunst\/wp-json\/wp\/v2\/pages\/905","targetHints":{"allow":["GET"]}}],"collection":[{"href":"https:\/\/www.paradijs.org\/integralegeneeskunst\/wp-json\/wp\/v2\/pages"}],"about":[{"href":"https:\/\/www.paradijs.org\/integralegeneeskunst\/wp-json\/wp\/v2\/types\/page"}],"author":[{"embeddable":true,"href":"https:\/\/www.paradijs.org\/integralegeneeskunst\/wp-json\/wp\/v2\/users\/1"}],"replies":[{"embeddable":true,"href":"https:\/\/www.paradijs.org\/integralegeneeskunst\/wp-json\/wp\/v2\/comments?post=905"}],"version-history":[{"count":1,"href":"https:\/\/www.paradijs.org\/integralegeneeskunst\/wp-json\/wp\/v2\/pages\/905\/revisions"}],"predecessor-version":[{"id":1466,"href":"https:\/\/www.paradijs.org\/integralegeneeskunst\/wp-json\/wp\/v2\/pages\/905\/revisions\/1466"}],"up":[{"embeddable":true,"href":"https:\/\/www.paradijs.org\/integralegeneeskunst\/wp-json\/wp\/v2\/pages\/904"}],"wp:attachment":[{"href":"https:\/\/www.paradijs.org\/integralegeneeskunst\/wp-json\/wp\/v2\/media?parent=905"}],"wp:term":[{"taxonomy":"category","embeddable":true,"href":"https:\/\/www.paradijs.org\/integralegeneeskunst\/wp-json\/wp\/v2\/categories?post=905"},{"taxonomy":"post_tag","embeddable":true,"href":"https:\/\/www.paradijs.org\/integralegeneeskunst\/wp-json\/wp\/v2\/tags?post=905"}],"curies":[{"name":"wp","href":"https:\/\/api.w.org\/{rel}","templated":true}]}}